{"id":3,"date":"2023-12-25T19:44:26","date_gmt":"2023-12-25T19:44:26","guid":{"rendered":"http:\/\/www.ayudaenred.es\/?page_id=3"},"modified":"2023-12-25T22:34:30","modified_gmt":"2023-12-25T22:34:30","slug":"politica-privacidad","status":"publish","type":"page","link":"https:\/\/www.ayudaenred.es\/?page_id=3","title":{"rendered":"Pol\u00edtica de privacidad"},"content":{"rendered":"\n<p>Los datos personales facilitados a trav\u00e9s del sitio Web se tratar\u00e1n conforme a las siguientes especificaciones.<\/p>\n\n\n\n<p><strong>Responsable del tratamiento:<\/strong>&nbsp;<br><strong>Ayuda en Red<\/strong>, con domicilio social en&nbsp;<strong>Calle Benidorm n\u00ba 26, 4\u00ba G, 28017 de Madrid<\/strong>&nbsp;y CIF G01613181, inscrita en el Registro Nacional de Asociaciones con el n\u00famero 620697, Secci\u00f3n1, con fecha 22 de octubre de 2020<\/p>\n\n\n\n<p>E-mail:&nbsp;protecciondedatos@ayudaenred.es, contacto DPD:&nbsp;dpd@ayudaenred.es<\/p>\n\n\n\n<p><strong>Finalidades del tratamiento:<\/strong><\/p>\n\n\n\n<ul class=\"wp-block-list\">\n<li>Gesti\u00f3n de las distintas formas de colaboraci\u00f3n con la organizaci\u00f3n a las que se puede acceder a trav\u00e9s de la web (donantes, socios y voluntarios)<\/li>\n\n\n\n<li>Gesti\u00f3n del alta en nuestra web para que pueda gestionar directamente su cuenta de usuario.<\/li>\n\n\n\n<li>Gesti\u00f3n de consultas que se reciba a trav\u00e9s del sitio Web por parte de los usuarios, tanto registrados como no registrados.<\/li>\n\n\n\n<li>Realizar env\u00edos de boletines de noticias y comunicaciones sobre campa\u00f1as, convocatorias a eventos, notas de prensa, etc\u2026 cuando el interesado consienta o lo solicite expresamente.<\/li>\n<\/ul>\n\n\n\n<p><strong>Legitimaci\u00f3n y conservaci\u00f3n de la informaci\u00f3n:<\/strong>&nbsp;<\/p>\n\n\n\n<p>La legitimaci\u00f3n para el tratamiento de sus datos se basa en el consentimiento del interesado manifestado mediante la marcaci\u00f3n de la casilla de aceptaci\u00f3n de la presente pol\u00edtica de privacidad, que se presenta en los distintos formularios de recogida de datos de nuestra web. Los datos se conservar\u00e1n mientras dure la relaci\u00f3n entre interesado y Ayuda en Red, y no manifieste su oposici\u00f3n, y, en cualquier caso, durante los plazos legales que le sean de aplicaci\u00f3n.<\/p>\n\n\n\n<p><strong>Destinatarios de las cesiones:<\/strong>&nbsp;<\/p>\n\n\n\n<p>Est\u00e1n previstas las siguientes cesiones de datos.<\/p>\n\n\n\n<ul class=\"wp-block-list\">\n<li>Gesti\u00f3n de socios y donantes: Agencia Tributaria con la finalidad de tramitar los beneficios fiscales y entidades financieras en caso de domiciliaci\u00f3n de aportaciones.<\/li>\n\n\n\n<li>Gesti\u00f3n de voluntarios: Compa\u00f1\u00edas aseguradoras con las que se tenga suscrito un seguro de responsabilidad civil.<\/li>\n<\/ul>\n\n\n\n<p>No obstante, cuando se formalice su condici\u00f3n de socio o donante de Ayuda en Red, se le facilitar\u00e1 informaci\u00f3n ampliada sobre el tratamiento de sus datos personales.<\/p>\n\n\n\n<p>Para el resto de los datos recabados en nuestra web no est\u00e1n previstas cesiones.<\/p>\n\n\n\n<p><strong>Derechos de los interesados:<\/strong>&nbsp;<\/p>\n\n\n\n<p>Los interesados pueden ejercitar sus derechos de acceso, rectificaci\u00f3n, supresi\u00f3n, portabilidad, limitaci\u00f3n u oposici\u00f3n dirigi\u00e9ndose por escrito a Ayuda En Red y a reclamar ante la Autoridad de Control (Agencia Espa\u00f1ola de Protecci\u00f3n de Datos&nbsp;<a href=\"https:\/\/www.aepd.es\/\" target=\"_blank\" rel=\"noreferrer noopener\">www.aepd.es<\/a>).<\/p>\n\n\n\n<p>El usuario garantiza que los datos aportados en los distintos formularios son verdaderos, exactos, completos y actualizados.<\/p>\n\n\n\n<p>Ayuda en Red ha adoptado las medidas de seguridad necesarias para garantizar la protecci\u00f3n de los datos personales y los medios t\u00e9cnicos a su alcance para evitar la p\u00e9rdida, mal uso, alteraci\u00f3n o acceso no autorizado a dichos datos.<\/p>\n\n\n\n<p><strong>LEGISLACI\u00d3N APLICABLE<\/strong><\/p>\n\n\n\n<p>Las presentes Condiciones se regir\u00e1n en todo momento por lo dispuesto en la legislaci\u00f3n espa\u00f1ola.<\/p>\n","protected":false},"excerpt":{"rendered":"<p>Los datos personales facilitados a trav\u00e9s del sitio Web se<\/p>\n","protected":false},"author":1,"featured_media":0,"parent":0,"menu_order":0,"comment_status":"closed","ping_status":"open","template":"","meta":{"footnotes":""},"class_list":["post-3","page","type-page","status-publish","hentry"],"_links":{"self":[{"href":"https:\/\/www.ayudaenred.es\/index.php?rest_route=\/wp\/v2\/pages\/3","targetHints":{"allow":["GET"]}}],"collection":[{"href":"https:\/\/www.ayudaenred.es\/index.php?rest_route=\/wp\/v2\/pages"}],"about":[{"href":"https:\/\/www.ayudaenred.es\/index.php?rest_route=\/wp\/v2\/types\/page"}],"author":[{"embeddable":true,"href":"https:\/\/www.ayudaenred.es\/index.php?rest_route=\/wp\/v2\/users\/1"}],"replies":[{"embeddable":true,"href":"https:\/\/www.ayudaenred.es\/index.php?rest_route=%2Fwp%2Fv2%2Fcomments&post=3"}],"version-history":[{"count":2,"href":"https:\/\/www.ayudaenred.es\/index.php?rest_route=\/wp\/v2\/pages\/3\/revisions"}],"predecessor-version":[{"id":89,"href":"https:\/\/www.ayudaenred.es\/index.php?rest_route=\/wp\/v2\/pages\/3\/revisions\/89"}],"wp:attachment":[{"href":"https:\/\/www.ayudaenred.es\/index.php?rest_route=%2Fwp%2Fv2%2Fmedia&parent=3"}],"curies":[{"name":"wp","href":"https:\/\/api.w.org\/{rel}","templated":true}]}}