{"id":238,"date":"2024-12-01T21:39:42","date_gmt":"2024-12-01T21:39:42","guid":{"rendered":"https:\/\/www.ayudaenred.es\/?page_id=238"},"modified":"2025-11-16T18:32:06","modified_gmt":"2025-11-16T18:32:06","slug":"voluntariado-reyes-magos-2024","status":"publish","type":"page","link":"https:\/\/www.ayudaenred.es\/?page_id=238","title":{"rendered":"Voluntariado Reyes Magos 2025"},"content":{"rendered":"\n<p>Hola voluntario: <\/p>\n\n\n\n<p>Informanos en este formulario de los turnos y personas que vais a venir a ayudarnos en el montaje de los Reyes Magos para la campa\u00f1a 2025<\/p>\n\n\n\n<div class=\"wp-block-contact-form-7-contact-form-selector\">\n<div class=\"wpcf7 no-js\" id=\"wpcf7-f237-o1\" lang=\"es-ES\" dir=\"ltr\" data-wpcf7-id=\"237\">\n<div class=\"screen-reader-response\"><p role=\"status\" aria-live=\"polite\" aria-atomic=\"true\"><\/p> <ul><\/ul><\/div>\n<form action=\"\/index.php?rest_route=%2Fwp%2Fv2%2Fpages%2F238#wpcf7-f237-o1\" method=\"post\" class=\"wpcf7-form init\" aria-label=\"Formulario de contacto\" novalidate=\"novalidate\" data-status=\"init\">\n<div style=\"display: none;\">\n<input type=\"hidden\" name=\"_wpcf7\" value=\"237\" \/>\n<input type=\"hidden\" name=\"_wpcf7_version\" value=\"6.0.2\" \/>\n<input type=\"hidden\" name=\"_wpcf7_locale\" value=\"es_ES\" \/>\n<input type=\"hidden\" name=\"_wpcf7_unit_tag\" value=\"wpcf7-f237-o1\" \/>\n<input type=\"hidden\" name=\"_wpcf7_container_post\" value=\"0\" \/>\n<input type=\"hidden\" name=\"_wpcf7_posted_data_hash\" value=\"\" \/>\n<\/div>\n<p><label> Tu nombre<br \/>\n<span class=\"wpcf7-form-control-wrap\" data-name=\"your-name\"><input size=\"40\" maxlength=\"400\" class=\"wpcf7-form-control wpcf7-text wpcf7-validates-as-required\" autocomplete=\"name\" aria-required=\"true\" aria-invalid=\"false\" value=\"\" type=\"text\" name=\"your-name\" \/><\/span> <\/label><br \/>\n<label> Tu correo electr\u00f3nico<br \/>\n<span class=\"wpcf7-form-control-wrap\" data-name=\"your-email\"><input size=\"40\" maxlength=\"400\" class=\"wpcf7-form-control wpcf7-email wpcf7-validates-as-required wpcf7-text wpcf7-validates-as-email\" autocomplete=\"email\" aria-required=\"true\" aria-invalid=\"false\" value=\"\" type=\"email\" name=\"your-email\" \/><\/span> <\/label><br \/>\n<label> Tel\u00e9fono de contacto:<br \/>\n<span class=\"wpcf7-form-control-wrap\" data-name=\"tel-176\"><input size=\"40\" maxlength=\"400\" class=\"wpcf7-form-control wpcf7-tel wpcf7-validates-as-required wpcf7-text wpcf7-validates-as-tel\" aria-required=\"true\" aria-invalid=\"false\" value=\"\" type=\"tel\" name=\"tel-176\" \/><\/span><\/label><br \/>\nElige el turno\/s que quieras para asistir:<br \/>\n<span class=\"wpcf7-form-control-wrap\" data-name=\"checkbox-508\"><span class=\"wpcf7-form-control wpcf7-checkbox\"><span class=\"wpcf7-list-item first\"><label><input type=\"checkbox\" name=\"checkbox-508[]\" value=\"3. Lunes 29 Diciembre 10:00-14:00\" \/><span class=\"wpcf7-list-item-label\">3. Lunes 29 Diciembre 10:00-14:00<\/span><\/label><\/span><span class=\"wpcf7-list-item last\"><label><input type=\"checkbox\" name=\"checkbox-508[]\" value=\"4. Lunes 29 Diciembre 16:00-20:00\" \/><span class=\"wpcf7-list-item-label\">4. Lunes 29 Diciembre 16:00-20:00<\/span><\/label><\/span><\/span><\/span><br \/>\n<label>N\u00famero de Personas:<br \/>\n<span class=\"wpcf7-form-control-wrap\" data-name=\"Numero\"><input class=\"wpcf7-form-control wpcf7-number wpcf7-validates-as-number\" min=\"1\" aria-invalid=\"false\" value=\"1\" type=\"number\" name=\"Numero\" \/><\/span> <\/label><br \/>\n<label> Observaciones (opcional)<br \/>\n<span class=\"wpcf7-form-control-wrap\" data-name=\"your-message\"><textarea cols=\"40\" rows=\"10\" maxlength=\"2000\" class=\"wpcf7-form-control wpcf7-textarea\" aria-invalid=\"false\" name=\"your-message\"><\/textarea><\/span> <\/label><br \/>\n<input class=\"wpcf7-form-control wpcf7-submit has-spinner\" type=\"submit\" value=\"Enviar\" \/>\n<\/p><p style=\"display: none !important;\" class=\"akismet-fields-container\" data-prefix=\"_wpcf7_ak_\"><label>&#916;<textarea name=\"_wpcf7_ak_hp_textarea\" cols=\"45\" rows=\"8\" maxlength=\"100\"><\/textarea><\/label><input type=\"hidden\" id=\"ak_js_1\" name=\"_wpcf7_ak_js\" value=\"38\"\/><script>document.getElementById( \"ak_js_1\" ).setAttribute( \"value\", ( new Date() ).getTime() );<\/script><\/p><div class=\"wpcf7-response-output\" aria-hidden=\"true\"><\/div>\n<\/form>\n<\/div>\n<\/div>\n\n\n\n<p>Gracias<\/p>\n\n\n\n<p>Se pueden seleccionar m\u00e1s de un turno, se enviar\u00e1 unos dias antes un correo de confirmaci\u00f3n para el turno\/s, y n\u00famero de personas elegidas. <\/p>\n\n\n\n<p>El montaje de los Reyes Magos se realizar\u00e1 en el sal\u00f3n de actos del Colegio Tajamar. C\/ Pio Felipe, 12. Madrid <\/p>\n\n\n\n<figure class=\"wp-block-image size-large\"><img loading=\"lazy\" decoding=\"async\" width=\"1024\" height=\"827\" src=\"https:\/\/www.ayudaenred.es\/wp-content\/uploads\/2024\/12\/image-1024x827.png\" alt=\"\" class=\"wp-image-241\" srcset=\"https:\/\/www.ayudaenred.es\/wp-content\/uploads\/2024\/12\/image-1024x827.png 1024w, https:\/\/www.ayudaenred.es\/wp-content\/uploads\/2024\/12\/image-300x242.png 300w, https:\/\/www.ayudaenred.es\/wp-content\/uploads\/2024\/12\/image-768x620.png 768w, https:\/\/www.ayudaenred.es\/wp-content\/uploads\/2024\/12\/image.png 1205w\" sizes=\"auto, (max-width: 1024px) 100vw, 1024px\" \/><\/figure>\n\n\n\n<p><\/p>\n","protected":false},"excerpt":{"rendered":"<p>Hola voluntario: Informanos en este formulario de los turnos y<\/p>\n","protected":false},"author":1,"featured_media":0,"parent":0,"menu_order":0,"comment_status":"closed","ping_status":"closed","template":"","meta":{"footnotes":""},"class_list":["post-238","page","type-page","status-publish","hentry"],"_links":{"self":[{"href":"https:\/\/www.ayudaenred.es\/index.php?rest_route=\/wp\/v2\/pages\/238","targetHints":{"allow":["GET"]}}],"collection":[{"href":"https:\/\/www.ayudaenred.es\/index.php?rest_route=\/wp\/v2\/pages"}],"about":[{"href":"https:\/\/www.ayudaenred.es\/index.php?rest_route=\/wp\/v2\/types\/page"}],"author":[{"embeddable":true,"href":"https:\/\/www.ayudaenred.es\/index.php?rest_route=\/wp\/v2\/users\/1"}],"replies":[{"embeddable":true,"href":"https:\/\/www.ayudaenred.es\/index.php?rest_route=%2Fwp%2Fv2%2Fcomments&post=238"}],"version-history":[{"count":4,"href":"https:\/\/www.ayudaenred.es\/index.php?rest_route=\/wp\/v2\/pages\/238\/revisions"}],"predecessor-version":[{"id":348,"href":"https:\/\/www.ayudaenred.es\/index.php?rest_route=\/wp\/v2\/pages\/238\/revisions\/348"}],"wp:attachment":[{"href":"https:\/\/www.ayudaenred.es\/index.php?rest_route=%2Fwp%2Fv2%2Fmedia&parent=238"}],"curies":[{"name":"wp","href":"https:\/\/api.w.org\/{rel}","templated":true}]}}